 - t*n. Is n prime?
False
Let s(b) = -25 - 547*b - 38 + 59. Is s(-3) a prime number?
True
Suppose -8 = 4*d + 4. Let b be (-90)/(-25) + d/5. Suppose -2*m = b*q - 15, 0*q + 2*q - 18 = -4*m. Is m composite?
False
Let d(a) = a**2 - 10*a - 8. Suppose -4*l + 35 = 3*t, -11 = 2*l - 3*l - 3*t. Let s be d(l). Let g = s - -43. Is g a composite number?
False
Let h = 1264 + 2673. Is h a prime number?
False
Let s(y) = 33*y**2 - 2*y - 2. Suppose -12*p + 9*p - 6 = 0. Let h be s(p). Is h + -3 + 0/2 prime?
True
Let s(l) = l**3 + 9*l**2 + 7*l - 8. Let g be s(-7). Is 0/12 + g*11 prime?
False
Suppose -l + 3795 = 2*l. Suppose 2*u = y - 244, -5*y + 0*u + u = -l. Is y a prime number?
False
Suppose 0 = 4*j - w - 19814 - 16314, -3*w - 12 = 0. Is j composite?
True
Let i(x) = 164*x**2 - 50*x - 101. Is i(-10) a prime number?
False
Suppose -2*n + 93468 = 10*n. Is n prime?
True
Let r be (20/25)/(1/5). Suppose r*t = 3*p + 3*t - 23, 4*t + 28 = 4*p. Suppose -o = -31 - p. Is o composite?
True
Suppose -10*a - 4*k + 21260 = -6*a, -5*a + 26595 = -5*k. Is a a composite number?
True
Let y = -449 - 220. Let c = -40 - y. Is c composite?
True
Let r be 2/10 + (-5)/25. Suppose r = 3*p - 4*p + 7. Suppose -p*c = -6*c - 581. Is c a composite number?
True
Suppose 6*a + 5 = a. Let b be a - (-18 - (-2)/(-1)). Suppose c - 318 = -2*v, -c + 179 = v + b. Is v a prime number?
False
Let g(o) = -o**3 + o**2 + 1. Let s(d) = -8*d**3 - 5*d**2 - 2*d - 3. Let j(w) = -6*g(w) - s(w). Let z(l) = -4*l + 2. Let c be z(0). Is j(c) prime?
True
Let b = -10 + 4. Let a(i) = 60*i + 15. Let c(u) = -30*u - 4. Let m(h) = -3*a(h) - 5*c(h). Is m(b) prime?
False
Let q(x) = 7*x**3 - 5*x**2 + 3*x - 9. Let m be q(6). Let b = 2240 - m. Is b prime?
False
Suppose h = -5*d + 4662, -3*h + 1857 = -0*d + 2*d. Let v = d + -518. Is v composite?
True
Suppose 0 = 57*k - 54*k - 1242. Suppose q - k = 5*a + 449, -3*q = -4*a - 2589. Is q prime?
True
Suppose 4*h = 4*w + 232, -h + 293 = 4*h - 4*w. Let r = h - 55. Is r composite?
True
Let v(q) = -q**3 - 6*q**2 - 8*q + 4. Let w be v(-4). Let h = 2318 - 1325. Suppose -5*i = -2*d + 212 - h, i + w*d - 165 = 0. Is i composite?
False
Let r be (48/(-36))/(-2*2/24). Is -526*(-4)/r*1 a prime number?
True
Let w(v) = v - 7. Let c be w(11). Let u be (2 - 1)*(-9 + c). Is 147 + (-1 - 2 - u) composite?
False
Suppose -5*d + 5 = -2*n, -d + n + 6 = 2. Is (18 + d)/(2*(-1)/(-46)) composite?
True
Suppose -i = -6*r + r - 6187, 3*i = 4*r + 18605. Is i a composite number?
True
Suppose 3935 = -1447*l + 1452*l. Is l prime?
True
Suppose -y = -1 - 3. Let b(q) = 16*q + 1. Let o be b(y). Let w = o - 7. Is w prime?
False
Let j be 40/1 - (3 - 2). Suppose -2*b - j = -i - b, b - 3 = 0. Suppose 16 + i = v. Is v a composite number?
True
Let o = 13590 + -510. Suppose -o + 3008 = -8*x. Is x a composite number?
False
Let o be 4/(4 - 0)*-2. Let p(v) = 3 + 1039*v - 10 - 1289*v. Is p(o) composite?
True
Let z be (0 - -2 - (-5065)/(-20))*-12. Let b = z + -578. Is b a prime number?
True
Suppose 2*j - 53 = -j + 4*v, -5*j - 4*v = -35. Suppose -2*m + j = 7. Suppose -m*c = -2*h - 0*c + 902, -h + 459 = 3*c. Is h composite?
True
Let g = -1 - -1. Suppose g = 3*b - 4*b. Is 97/(1 - b - 0) a composite number?
False
Let b = -166 + 165. Is (7/(63/6))/(b/(-1329)) prime?
False
Let p(j) = 2*j + 8. Let o be p(-8). Let l(b) = 2 + 11 + 2*b**2 + 2 + 11*b. Is l(o) a composite number?
True
Suppose -3*u + 64033 = 4*p, 0 = 2*p - u - 0*u - 32019. Is p a prime number?
False
Let t be 14/(-1)*1/2. Let n = -10 - t. Let c(f) = -6*f**3 - 2*f**2 + 5*f + 2. Is c(n) a prime number?
True
Is ((-20)/30)/(72069/(-24021) - -3) a prime number?
False
Let l(n) = -2 + 94*n - 1 - 92*n. Let t be l(3). Suppose -x + 1516 = t*x. Is x prime?
True
Suppose d + 15 = 4*d. Let w = 186 + d. Is w a prime number?
True
Is 17/68*8072/2 a composite number?
False
Suppose 5*z + 2*k = 37223, -2*z + k = 3*z - 37226. Is z composite?
True
Suppose -q = 3*q - 2316. Suppose -a + 3*a = 4*x - 396, -4*x + 5*a + 390 = 0. Suppose -x = v - q. Is v a prime number?
True
Let q be (-1 + -1)/(1/(-3)). Suppose -q*m - 3*c - 2022 = -3*m, 0 = 5*m + 4*c + 3366. Let u = m + 1041. Is u composite?
True
Let s(o) be the second derivative of o**7/840 + o**6/30 - o**5/60 - 5*o**4/12 - o**3/3 + 2*o. Let p(k) be the second derivative of s(k). Is p(-9) composite?
False
Let x(j) = -30*j**3 - 5*j**2 - j + 53. Is x(-8) a prime number?
True
Let u(z) = z**3 + 18*z**2 + 18*z - 12. Let b(a) = -a**3 - 17*a**2 - 18*a + 11. Let k(s) = 6*b(s) + 5*u(s). Is k(-13) a composite number?
False
Suppose c - 29204 = 32727. Is c composite?
True
Suppose -4*h - 3*m + 6*m = -350, 0 = 4*h - 4*m - 348. Suppose -g - 4*f = -77, -3*g + 4*g - 2*f = h. Is g prime?
False
Let u(w) = 185*w**2 + 21*w - 121. Is u(9) a prime number?
True
Let p be 1/((-522)/(-130) - 4). Is 2/(-10) + 3458/p composite?
False
Suppose -2421 = -4*t + 2743. Suppose 1394 = 5*y - t. Is y a prime number?
False
Let v = -77 + -47. Let q = -45 - v. Is q prime?
True
Let u = -2991 + 1886. Is -4*4/8 - u a prime number?
True
Let r(u) = 21*u - 33. Let f be (5/(-2))/(6/(-24)). Is r(f) prime?
False
Suppose 4*o + h - 20912 = 0, 1 = -3*h + 13. Is o a composite number?
False
Let k(x) = x - 4. Let f be k(6). Suppose -4*b + 4*v + 544 = 0, 0*b + f*b = v + 267. Is b a prime number?
True
Let o be 2/3*(-537)/(-2). Let a = -40 - -40. Suppose a = m - o - 72. Is m prime?
True
Let j be ((-81)/(-18))/(6/8). Suppose a + 3 = -2*t - j, 4*a + 6 = -3*t. Is 26*1*(-33)/t a prime number?
False
Suppose 5*u + 5*v = -0*u - 35, 22 = -u - 4*v. Let z(h) = -17*h - 1. Is z(u) composite?
True
Suppose 83*p - 6998 = 81*p. Is p a composite number?
False
Suppose 24*i = 5*f + 22*i - 127617, 25528 = f - 5*i. Is f a prime number?
True
Let v(r) = -r + 1. Suppose k + 5 = -2*q, 0 = -q + 4*k - 18 + 2. Let d be v(q). Suppose 0 = -2*z - 2*z - 5*b + 134, -2*z + d*b + 52 = 0. Is z composite?
False
Let f = -15 - -16. Suppose 6*y - f = 23. Suppose -5*n = -5*m - 1025, -2*n - n - y*m = -601. Is n a prime number?
False
Is 1636*8/(160/15) a composite number?
True
Let k(b) = b**2 + 16*b + 17. Let f be k(-15). Let d(g) be the second derivative of 3*g**5/10 - g**4/3 + g**3/2 - g**2/2 + g. Is d(f) a composite number?
False
Suppose -t + 355 + 286 = 0. Is t a composite number?
False
Let c = -358 - -518. Let a = c - -91. Is a composite?
False
Suppose 0 = w, -595 - 709 = -4*d - w. Suppose -g - j + 1 = -79, -d = -4*g - j. Suppose 0 = c - 21 - g. Is c composite?
False
Suppose -4*y = -5 + 1. Let z(c) = -9*c**2 + 2 - 4*c - y + 0*c**3 + 0*c**3 - c**3. Is z(-10) a composite number?
True
Let m(n) = 179*n**2 - 15*n + 59. Is m(4) a prime number?
False
Is (-8)/6 + 60016/48 composite?
False
Suppose 2*g - 3*q + 5*q - 16 = 0, -2*q = 5*g - 28. Suppose 2*j - 4*m - 173 - 493 = 0, -g*m = -5*j + 1689. Is j a prime number?
False
Suppose 9*g + 5599 = 4*y + 6*g, 5*y + 3*g - 6992 = 0. Suppose -s + 2*s = y. Is s composite?
False
Suppose 3*f - 1188 - 616 = -z, -4*z + 7203 = -f. Is z composite?
False
Let z = 2669 - 909. Let a = z - 399. Is a composite?
False
Let y = 36 + -34. Suppose -5*j - y*l + 1597 = 0, 5*l = 2*j - 4*j + 643. Is j a prime number?
False
Suppose -4*q = -2*d + q + 791, 0 = -2*q - 2. Suppose 5*o - 4438 = -d. Is o a composite number?
False
Let m be (-38)/(-9) - 2/9. Suppose -m*t - 16 + 4 = 0. Is (-627)/t - -3 - 1 prime?
True
Let x be (0 - 20/6)*3. Is x*(-2)/((-20)/(-985)) composite?
True
Suppose -20588 = -179*s + 175*s. Is s a composite number?
False
Suppose -3*u + 62192 = -4*k + 9*k, -4*k + 49759 = -3*u. Is k a composite number?
True
Suppose 21*b = 23*b - 12. Let z = 0 + 4. Suppose -z*a - 518 = -b*a. Is a prime?
False
Suppose 34881 = -13*g + 17*g - s, -5*s = 3*g - 26132. Is g prime?
True
Is ((-69455)/(-35))/(2/14) prime?
False
Let j(z) be the third derivative of 59*z**5/60 - z**4/24 - 2*z**3/3 + 2*z**2. Let c be j(2). Let d = c - 141. Is d prime?
True
Let a(p) = -37*p**3 - 42*p**3 - 2 + 78*p**3 - 15*p**2 + 23*p. Is a(-17) a composite number?
True
Let t(y) be the first derivative of 13*y**2 - 5*y + 1. Let c be t(3). Suppose 24 = a - c. Is a composite?
False
Let m(h) = 4*h**2 + 3*h + 1. Let r be (2/(-7))/((-4)/56). Suppose q - r*y = 22, -2*q + 2*y = -31 + 11. Is m(q) composite?
False
Let y be -10*((-24)/(-15) + -2). Suppose -3*p = y*l - 467, -2*p + 139 = -p - 2*l. S